{"id":1178,"date":"2026-02-04T14:44:55","date_gmt":"2026-02-04T14:44:55","guid":{"rendered":"https:\/\/startersites.io\/elementor\/book-store\/?page_id=1178"},"modified":"2026-04-03T15:37:02","modified_gmt":"2026-04-03T12:37:02","slug":"iletisim","status":"publish","type":"page","link":"https:\/\/www.sirmatbaa.com\/index.php\/iletisim\/","title":{"rendered":"\u0130leti\u015fim"},"content":{"rendered":"\t\t<div data-elementor-type=\"wp-page\" data-elementor-id=\"1178\" class=\"elementor elementor-1178\" data-elementor-post-type=\"page\">\n\t\t\t\t<div class=\"elementor-element elementor-element-67a0eba e-flex e-con-boxed e-con e-parent\" data-id=\"67a0eba\" data-element_type=\"container\" data-e-type=\"container\" data-settings=\"{&quot;background_background&quot;:&quot;classic&quot;}\">\n\t\t\t\t\t<div class=\"e-con-inner\">\n\t\t\t\t<div class=\"elementor-element elementor-element-c2431de elementor-widget elementor-widget-heading\" data-id=\"c2431de\" data-element_type=\"widget\" data-e-type=\"widget\" data-widget_type=\"heading.default\">\n\t\t\t\t\t<h2 class=\"elementor-heading-title elementor-size-default\">\u0130leti\u015fim<\/h2>\t\t\t\t<\/div>\n\t\t\t\t\t<\/div>\n\t\t\t\t<\/div>\n\t\t<div class=\"elementor-element elementor-element-2fe5ec2 e-grid e-con-boxed e-con e-parent\" data-id=\"2fe5ec2\" data-element_type=\"container\" data-e-type=\"container\">\n\t\t\t\t\t<div class=\"e-con-inner\">\n\t\t<div class=\"elementor-element elementor-element-9413ac1 e-con-full e-flex e-con e-child\" data-id=\"9413ac1\" data-element_type=\"container\" data-e-type=\"container\">\n\t\t\t\t<div class=\"elementor-element elementor-element-0f6de49 elementor-widget elementor-widget-heading\" data-id=\"0f6de49\" data-element_type=\"widget\" data-e-type=\"widget\" data-widget_type=\"heading.default\">\n\t\t\t\t\t<h2 class=\"elementor-heading-title elementor-size-default\">Sir Matbaa<\/h2>\t\t\t\t<\/div>\n\t\t\t\t<div class=\"elementor-element elementor-element-282020a elementor-widget__width-initial elementor-widget elementor-widget-text-editor\" data-id=\"282020a\" data-element_type=\"widget\" data-e-type=\"widget\" data-widget_type=\"text-editor.default\">\n\t\t\t\t\t\t\t\t\t<p>Litros Yolu 2 . Matbaac\u0131lar Sitesi C Blok Zemin Kat No: Z c 10 Topkap\u0131 \/ Zeytinburnu \/ \u0130STANBUL<\/p>\t\t\t\t\t\t\t\t<\/div>\n\t\t\t\t<div class=\"elementor-element elementor-element-1ccf271 elementor-widget elementor-widget-google_maps\" data-id=\"1ccf271\" data-element_type=\"widget\" data-e-type=\"widget\" data-widget_type=\"google_maps.default\">\n\t\t\t\t\t\t\t<div class=\"elementor-custom-embed\">\n\t\t\t<iframe loading=\"lazy\"\n\t\t\t\t\tsrc=\"https:\/\/maps.google.com\/maps?q=Maltepe%2C%20Litros%20Yolu%20Sk%202.%20Matbaac%C4%B1lar%20Sitesi%20D%3A1%20Bb%2010%2C%2034010%20Zeytinburnu%2F%C4%B0stanbul%2C%20T%C3%BCrkiye&#038;t=m&#038;z=17&#038;output=embed&#038;iwloc=near\"\n\t\t\t\t\ttitle=\"Maltepe, Litros Yolu Sk 2. Matbaac\u0131lar Sitesi D:1 Bb 10, 34010 Zeytinburnu\/\u0130stanbul, T\u00fcrkiye\"\n\t\t\t\t\taria-label=\"Maltepe, Litros Yolu Sk 2. Matbaac\u0131lar Sitesi D:1 Bb 10, 34010 Zeytinburnu\/\u0130stanbul, T\u00fcrkiye\"\n\t\t\t><\/iframe>\n\t\t<\/div>\n\t\t\t\t\t\t<\/div>\n\t\t\t\t<\/div>\n\t\t<div class=\"elementor-element elementor-element-c3d3957 e-con-full e-flex e-con e-child\" data-id=\"c3d3957\" data-element_type=\"container\" data-e-type=\"container\">\n\t\t\t\t<div class=\"elementor-element elementor-element-af61129 elementor-widget elementor-widget-heading\" data-id=\"af61129\" data-element_type=\"widget\" data-e-type=\"widget\" data-widget_type=\"heading.default\">\n\t\t\t\t\t<h2 class=\"elementor-heading-title elementor-size-default\">Bize Mesaj B\u0131rak\u0131n<\/h2>\t\t\t\t<\/div>\n\t\t\t\t<div class=\"elementor-element elementor-element-9830380 fluentform-widget-submit-button-custom elementor-widget elementor-widget-fluent-form-widget\" data-id=\"9830380\" data-element_type=\"widget\" data-e-type=\"widget\" data-widget_type=\"fluent-form-widget.default\">\n\t\t\t\t<div class=\"elementor-widget-container\">\n\t\t\t\t\t\n            <div class=\"fluentform-widget-wrapper fluentform-widget-align-default\">\n\n            \n            <div class='fluentform ff-default fluentform_wrapper_1 ffs_default_wrap'><form data-form_id=\"1\" id=\"fluentform_1\" class=\"frm-fluent-form fluent_form_1 ff-el-form-top ff_form_instance_1_1 ff-form-loading ffs_default\" data-form_instance=\"ff_form_instance_1_1\" method=\"POST\" ><fieldset  style=\"border: none!important;margin: 0!important;padding: 0!important;background-color: transparent!important;box-shadow: none!important;outline: none!important; min-inline-size: 100%;\">\n                    <legend class=\"ff_screen_reader_title\" style=\"display: block; margin: 0!important;padding: 0!important;height: 0!important;text-indent: -999999px;width: 0!important;overflow:hidden;\">Contact Form Demo<\/legend><input type='hidden' name='__fluent_form_embded_post_id' value='1178' \/><input type=\"hidden\" id=\"_fluentform_1_fluentformnonce\" name=\"_fluentform_1_fluentformnonce\" value=\"770cd2a956\" \/><input type=\"hidden\" name=\"_wp_http_referer\" value=\"\/index.php\/wp-json\/wp\/v2\/pages\/1178\" \/><div data-type=\"name-element\" data-name=\"names\" class=\" ff-field_container ff-name-field-wrapper\" ><div class='ff-t-container'><div class='ff-t-cell '><div class='ff-el-group'><div class=\"ff-el-input--label asterisk-right\"><label for='ff_1_names_first_name_' id='label_ff_1_names_first_name_' >Ad\u0131<\/label><\/div><div class='ff-el-input--content'><input type=\"text\" name=\"names[first_name]\" id=\"ff_1_names_first_name_\" class=\"ff-el-form-control\" aria-invalid=\"false\" aria-required=false><\/div><\/div><\/div><div class='ff-t-cell '><div class='ff-el-group'><div class=\"ff-el-input--label asterisk-right\"><label for='ff_1_names_last_name_' id='label_ff_1_names_last_name_' >Soyad\u0131<\/label><\/div><div class='ff-el-input--content'><input type=\"text\" name=\"names[last_name]\" id=\"ff_1_names_last_name_\" class=\"ff-el-form-control\" aria-invalid=\"false\" aria-required=false><\/div><\/div><\/div><\/div><\/div><div class='ff-el-group'><div class=\"ff-el-input--label ff-el-is-required asterisk-right\"><label for='ff_1_email' id='label_ff_1_email' aria-label=\"E-mail\">E-mail<\/label><\/div><div class='ff-el-input--content'><input type=\"email\" name=\"email\" id=\"ff_1_email\" class=\"ff-el-form-control\" data-name=\"email\"  aria-invalid=\"false\" aria-required=true><\/div><\/div><div class='ff-el-group'><div class=\"ff-el-input--label asterisk-right\"><label for='ff_1_subject' id='label_ff_1_subject' aria-label=\"Konu\">Konu<\/label><\/div><div class='ff-el-input--content'><input type=\"text\" name=\"subject\" class=\"ff-el-form-control\" data-name=\"subject\" id=\"ff_1_subject\"  aria-invalid=\"false\" aria-required=false><\/div><\/div><div class='ff-el-group'><div class=\"ff-el-input--label ff-el-is-required asterisk-right\"><label for='ff_1_message' id='label_ff_1_message' aria-label=\"A\u00e7\u0131klama\">A\u00e7\u0131klama<\/label><\/div><div class='ff-el-input--content'><textarea aria-required=\"true\" aria-labelledby=\"label_ff_1_message\" name=\"message\" id=\"ff_1_message\" class=\"ff-el-form-control\" rows=\"8\" cols=\"1\" data-name=\"message\" ><\/textarea><\/div><\/div><div class='ff-el-group ff-text-left ff_submit_btn_wrapper'><button type=\"submit\" class=\"ff-btn ff-btn-submit ff-btn-md ff_btn_style\"  aria-label=\"G\u00f6nder\">G\u00f6nder<\/button><\/div><\/fieldset><\/form><div id='fluentform_1_errors' class='ff-errors-in-stack ff_form_instance_1_1 ff-form-loading_errors ff_form_instance_1_1_errors'><\/div><\/div>            <script type=\"text\/javascript\">\n                window.fluent_form_ff_form_instance_1_1 = {\"id\":\"1\",\"settings\":{\"layout\":{\"labelPlacement\":\"top\",\"helpMessagePlacement\":\"with_label\",\"errorMessagePlacement\":\"inline\",\"cssClassName\":\"\",\"asteriskPlacement\":\"asterisk-right\"},\"restrictions\":{\"denyEmptySubmission\":{\"enabled\":false}}},\"form_instance\":\"ff_form_instance_1_1\",\"form_id_selector\":\"fluentform_1\",\"rules\":{\"names[first_name]\":{\"required\":{\"value\":false,\"message\":\"This field is required\",\"global\":false,\"global_message\":\"This field is required\"}},\"names[middle_name]\":{\"required\":{\"value\":false,\"message\":\"This field is required\",\"global\":false,\"global_message\":\"This field is required\"}},\"names[last_name]\":{\"required\":{\"value\":false,\"message\":\"This field is required\",\"global\":false,\"global_message\":\"This field is required\"}},\"email\":{\"required\":{\"value\":true,\"message\":\"This field is required\",\"global\":false,\"global_message\":\"This field is required\"},\"email\":{\"value\":true,\"message\":\"This field must contain a valid email\",\"global\":false,\"global_message\":\"This field must contain a valid email\"}},\"subject\":{\"required\":{\"value\":false,\"message\":\"This field is required\",\"global\":false,\"global_message\":\"This field is required\"}},\"message\":{\"required\":{\"value\":true,\"message\":\"This field is required\",\"global\":false,\"global_message\":\"This field is required\"}}},\"debounce_time\":300};\n                            <\/script>\n                        <\/div>\n\n            \t\t\t\t<\/div>\n\t\t\t\t<\/div>\n\t\t\t\t<\/div>\n\t\t\t\t\t<\/div>\n\t\t\t\t<\/div>\n\t\t<div class=\"elementor-element elementor-element-f461be9 e-flex e-con-boxed e-con e-parent\" data-id=\"f461be9\" data-element_type=\"container\" data-e-type=\"container\">\n\t\t\t\t\t<div class=\"e-con-inner\">\n\t\t\t\t<div class=\"elementor-element elementor-element-99296f7 elementor-widget elementor-widget-heading\" data-id=\"99296f7\" data-element_type=\"widget\" data-e-type=\"widget\" data-widget_type=\"heading.default\">\n\t\t\t\t\t<h2 class=\"elementor-heading-title elementor-size-default\">0212 612 74 35<\/h2>\t\t\t\t<\/div>\n\t\t\t\t<div class=\"elementor-element elementor-element-bd5dbfa elementor-widget elementor-widget-heading\" data-id=\"bd5dbfa\" data-element_type=\"widget\" data-e-type=\"widget\" data-widget_type=\"heading.default\">\n\t\t\t\t\t<h2 class=\"elementor-heading-title elementor-size-default\"><a href=\"mailto:info@sirmatbaa.com\">info@sirmatbaa.com<\/a><\/h2>\t\t\t\t<\/div>\n\t\t\t\t\t<\/div>\n\t\t\t\t<\/div>\n\t\t<div class=\"elementor-element elementor-element-0276e7d e-flex e-con-boxed e-con e-parent\" data-id=\"0276e7d\" data-element_type=\"container\" data-e-type=\"container\">\n\t\t\t\t\t<div class=\"e-con-inner\">\n\t\t<div class=\"elementor-element elementor-element-889afc5 e-con-full e-flex e-con e-child\" data-id=\"889afc5\" data-element_type=\"container\" data-e-type=\"container\" data-settings=\"{&quot;background_background&quot;:&quot;classic&quot;}\">\n\t\t\t\t<div class=\"elementor-element elementor-element-0a1904a elementor-widget elementor-widget-heading\" data-id=\"0a1904a\" data-element_type=\"widget\" data-e-type=\"widget\" data-widget_type=\"heading.default\">\n\t\t\t\t\t<h3 class=\"elementor-heading-title elementor-size-default\">GARANT\u0130 BANKASI<\/h3>\t\t\t\t<\/div>\n\t\t\t\t<div class=\"elementor-element elementor-element-9f1bf15 elementor-widget elementor-widget-text-editor\" data-id=\"9f1bf15\" data-element_type=\"widget\" data-e-type=\"widget\" data-widget_type=\"text-editor.default\">\n\t\t\t\t\t\t\t\t\t<p>\u015eube: 700 DAVUTPA\u015eA<br \/>Hesap: 6299390<br \/>IBAN: TR98 0006 2000 7000 0006 2993 90<\/p>\t\t\t\t\t\t\t\t<\/div>\n\t\t\t\t<\/div>\n\t\t<div class=\"elementor-element elementor-element-96c9801 e-con-full e-flex e-con e-child\" data-id=\"96c9801\" data-element_type=\"container\" data-e-type=\"container\" data-settings=\"{&quot;background_background&quot;:&quot;classic&quot;}\">\n\t\t\t\t<div class=\"elementor-element elementor-element-67a1c8f elementor-widget elementor-widget-heading\" data-id=\"67a1c8f\" data-element_type=\"widget\" data-e-type=\"widget\" data-widget_type=\"heading.default\">\n\t\t\t\t\t<h3 class=\"elementor-heading-title elementor-size-default\">T\u00dcRK\u0130YE \u0130\u015e BANKASI<\/h3>\t\t\t\t<\/div>\n\t\t\t\t<div class=\"elementor-element elementor-element-60dc08a elementor-widget elementor-widget-text-editor\" data-id=\"60dc08a\" data-element_type=\"widget\" data-e-type=\"widget\" data-widget_type=\"text-editor.default\">\n\t\t\t\t\t\t\t\t\t<p>\u015eube: 1346 DAVUTPA\u015eA<br \/>Hesap: 22360<br \/>IBAN: TR08 0006 4000 0011 3460 0223 60<\/p>\t\t\t\t\t\t\t\t<\/div>\n\t\t\t\t<\/div>\n\t\t<div class=\"elementor-element elementor-element-b57b7a4 e-con-full e-flex e-con e-child\" data-id=\"b57b7a4\" data-element_type=\"container\" data-e-type=\"container\" data-settings=\"{&quot;background_background&quot;:&quot;classic&quot;}\">\n\t\t\t\t<div class=\"elementor-element elementor-element-0571111 elementor-widget elementor-widget-heading\" data-id=\"0571111\" data-element_type=\"widget\" data-e-type=\"widget\" data-widget_type=\"heading.default\">\n\t\t\t\t\t<h3 class=\"elementor-heading-title elementor-size-default\">VAKIFBANK<\/h3>\t\t\t\t<\/div>\n\t\t\t\t<div class=\"elementor-element elementor-element-e05c96d elementor-widget elementor-widget-text-editor\" data-id=\"e05c96d\" data-element_type=\"widget\" data-e-type=\"widget\" data-widget_type=\"text-editor.default\">\n\t\t\t\t\t\t\t\t\t<p>SIR. AMB. PRMS. MATBAA SAN.T\u0130C.LTD.\u015eT\u0130<br \/>DAVUTPA\u015eA \u015eB 453 <br \/>IBAN: TR23 0001 5001 5800 7299 5897 07<\/p>\t\t\t\t\t\t\t\t<\/div>\n\t\t\t\t<\/div>\n\t\t\t\t\t<\/div>\n\t\t\t\t<\/div>\n\t\t\t\t<\/div>\n\t\t","protected":false},"excerpt":{"rendered":"<p>\u0130leti\u015fim Sir Matbaa Litros Yolu 2 . Matbaac\u0131lar Sitesi C Blok Zemin Kat No: Z c 10 Topkap\u0131 \/ Zeytinburnu \/ \u0130STANBUL Bize Mesaj B\u0131rak\u0131n Contact Form Demo First NameLast NameEmail AddressSubjectMessageSend Message 0212 612 74 35 info@sirmatbaa.com GARANT\u0130 BANKASI \u015eube: 700 DAVUTPA\u015eAHesap: 6299390IBAN: TR98 0006 2000 7000 0006 2993 90 T\u00dcRK\u0130YE \u0130\u015e BANKASI \u015eube: [&hellip;]<\/p>\n","protected":false},"author":1,"featured_media":0,"parent":0,"menu_order":0,"comment_status":"closed","ping_status":"closed","template":"","meta":{"_acf_changed":false,"footnotes":""},"class_list":["post-1178","page","type-page","status-publish","hentry"],"blocksy_meta":{"has_hero_section":"disabled","vertical_spacing_source":"custom","content_area_spacing":"none","styles_descriptor":{"styles":{"desktop":"","tablet":"","mobile":""},"google_fonts":[],"version":6}},"acf":[],"yoast_head":"<!-- This site is optimized with the Yoast SEO plugin v27.3 - https:\/\/yoast.com\/product\/yoast-seo-wordpress\/ -->\n<title>\u0130leti\u015fim - Sir Matbaa \/ Promosyon - Matbaa<\/title>\n<meta name=\"robots\" content=\"index, follow, max-snippet:-1, max-image-preview:large, max-video-preview:-1\" \/>\n<link rel=\"canonical\" href=\"https:\/\/www.sirmatbaa.com\/index.php\/iletisim\/\" \/>\n<meta property=\"og:locale\" content=\"tr_TR\" \/>\n<meta property=\"og:type\" content=\"article\" \/>\n<meta property=\"og:title\" content=\"\u0130leti\u015fim - Sir Matbaa \/ Promosyon - Matbaa\" \/>\n<meta property=\"og:description\" content=\"\u0130leti\u015fim Sir Matbaa Litros Yolu 2 . Matbaac\u0131lar Sitesi C Blok Zemin Kat No: Z c 10 Topkap\u0131 \/ Zeytinburnu \/ \u0130STANBUL Bize Mesaj B\u0131rak\u0131n Contact Form Demo First NameLast NameEmail AddressSubjectMessageSend Message 0212 612 74 35 info@sirmatbaa.com GARANT\u0130 BANKASI \u015eube: 700 DAVUTPA\u015eAHesap: 6299390IBAN: TR98 0006 2000 7000 0006 2993 90 T\u00dcRK\u0130YE \u0130\u015e BANKASI \u015eube: [&hellip;]\" \/>\n<meta property=\"og:url\" content=\"https:\/\/www.sirmatbaa.com\/index.php\/iletisim\/\" \/>\n<meta property=\"og:site_name\" content=\"Sir Matbaa \/ Promosyon - Matbaa\" \/>\n<meta property=\"article:publisher\" content=\"https:\/\/www.facebook.com\/sirmatbaa\" \/>\n<meta property=\"article:modified_time\" content=\"2026-04-03T12:37:02+00:00\" \/>\n<meta name=\"twitter:card\" content=\"summary_large_image\" \/>\n<script type=\"application\/ld+json\" class=\"yoast-schema-graph\">{\"@context\":\"https:\\\/\\\/schema.org\",\"@graph\":[{\"@type\":\"WebPage\",\"@id\":\"https:\\\/\\\/www.sirmatbaa.com\\\/index.php\\\/iletisim\\\/\",\"url\":\"https:\\\/\\\/www.sirmatbaa.com\\\/index.php\\\/iletisim\\\/\",\"name\":\"\u0130leti\u015fim - Sir Matbaa \\\/ Promosyon - Matbaa\",\"isPartOf\":{\"@id\":\"https:\\\/\\\/www.sirmatbaa.com\\\/#website\"},\"datePublished\":\"2026-02-04T14:44:55+00:00\",\"dateModified\":\"2026-04-03T12:37:02+00:00\",\"breadcrumb\":{\"@id\":\"https:\\\/\\\/www.sirmatbaa.com\\\/index.php\\\/iletisim\\\/#breadcrumb\"},\"inLanguage\":\"tr\",\"potentialAction\":[{\"@type\":\"ReadAction\",\"target\":[\"https:\\\/\\\/www.sirmatbaa.com\\\/index.php\\\/iletisim\\\/\"]}]},{\"@type\":\"BreadcrumbList\",\"@id\":\"https:\\\/\\\/www.sirmatbaa.com\\\/index.php\\\/iletisim\\\/#breadcrumb\",\"itemListElement\":[{\"@type\":\"ListItem\",\"position\":1,\"name\":\"Anasayfa\",\"item\":\"https:\\\/\\\/www.sirmatbaa.com\\\/\"},{\"@type\":\"ListItem\",\"position\":2,\"name\":\"\u0130leti\u015fim\"}]},{\"@type\":\"WebSite\",\"@id\":\"https:\\\/\\\/www.sirmatbaa.com\\\/#website\",\"url\":\"https:\\\/\\\/www.sirmatbaa.com\\\/\",\"name\":\"Sir Matbaa\",\"description\":\"\",\"publisher\":{\"@id\":\"https:\\\/\\\/www.sirmatbaa.com\\\/#organization\"},\"potentialAction\":[{\"@type\":\"SearchAction\",\"target\":{\"@type\":\"EntryPoint\",\"urlTemplate\":\"https:\\\/\\\/www.sirmatbaa.com\\\/?s={search_term_string}\"},\"query-input\":{\"@type\":\"PropertyValueSpecification\",\"valueRequired\":true,\"valueName\":\"search_term_string\"}}],\"inLanguage\":\"tr\"},{\"@type\":\"Organization\",\"@id\":\"https:\\\/\\\/www.sirmatbaa.com\\\/#organization\",\"name\":\"Sir Matbaa\",\"url\":\"https:\\\/\\\/www.sirmatbaa.com\\\/\",\"logo\":{\"@type\":\"ImageObject\",\"inLanguage\":\"tr\",\"@id\":\"https:\\\/\\\/www.sirmatbaa.com\\\/#\\\/schema\\\/logo\\\/image\\\/\",\"url\":\"https:\\\/\\\/www.sirmatbaa.com\\\/wp-content\\\/uploads\\\/2026\\\/03\\\/logo-2.png\",\"contentUrl\":\"https:\\\/\\\/www.sirmatbaa.com\\\/wp-content\\\/uploads\\\/2026\\\/03\\\/logo-2.png\",\"width\":400,\"height\":433,\"caption\":\"Sir Matbaa\"},\"image\":{\"@id\":\"https:\\\/\\\/www.sirmatbaa.com\\\/#\\\/schema\\\/logo\\\/image\\\/\"},\"sameAs\":[\"https:\\\/\\\/www.facebook.com\\\/sirmatbaa\",\"https:\\\/\\\/www.instagram.com\\\/sirambalaj\\\/\"]}]}<\/script>\n<!-- \/ Yoast SEO plugin. -->","yoast_head_json":{"title":"\u0130leti\u015fim - Sir Matbaa \/ Promosyon - Matbaa","robots":{"index":"index","follow":"follow","max-snippet":"max-snippet:-1","max-image-preview":"max-image-preview:large","max-video-preview":"max-video-preview:-1"},"canonical":"https:\/\/www.sirmatbaa.com\/index.php\/iletisim\/","og_locale":"tr_TR","og_type":"article","og_title":"\u0130leti\u015fim - Sir Matbaa \/ Promosyon - Matbaa","og_description":"\u0130leti\u015fim Sir Matbaa Litros Yolu 2 . Matbaac\u0131lar Sitesi C Blok Zemin Kat No: Z c 10 Topkap\u0131 \/ Zeytinburnu \/ \u0130STANBUL Bize Mesaj B\u0131rak\u0131n Contact Form Demo First NameLast NameEmail AddressSubjectMessageSend Message 0212 612 74 35 info@sirmatbaa.com GARANT\u0130 BANKASI \u015eube: 700 DAVUTPA\u015eAHesap: 6299390IBAN: TR98 0006 2000 7000 0006 2993 90 T\u00dcRK\u0130YE \u0130\u015e BANKASI \u015eube: [&hellip;]","og_url":"https:\/\/www.sirmatbaa.com\/index.php\/iletisim\/","og_site_name":"Sir Matbaa \/ Promosyon - Matbaa","article_publisher":"https:\/\/www.facebook.com\/sirmatbaa","article_modified_time":"2026-04-03T12:37:02+00:00","twitter_card":"summary_large_image","schema":{"@context":"https:\/\/schema.org","@graph":[{"@type":"WebPage","@id":"https:\/\/www.sirmatbaa.com\/index.php\/iletisim\/","url":"https:\/\/www.sirmatbaa.com\/index.php\/iletisim\/","name":"\u0130leti\u015fim - Sir Matbaa \/ Promosyon - Matbaa","isPartOf":{"@id":"https:\/\/www.sirmatbaa.com\/#website"},"datePublished":"2026-02-04T14:44:55+00:00","dateModified":"2026-04-03T12:37:02+00:00","breadcrumb":{"@id":"https:\/\/www.sirmatbaa.com\/index.php\/iletisim\/#breadcrumb"},"inLanguage":"tr","potentialAction":[{"@type":"ReadAction","target":["https:\/\/www.sirmatbaa.com\/index.php\/iletisim\/"]}]},{"@type":"BreadcrumbList","@id":"https:\/\/www.sirmatbaa.com\/index.php\/iletisim\/#breadcrumb","itemListElement":[{"@type":"ListItem","position":1,"name":"Anasayfa","item":"https:\/\/www.sirmatbaa.com\/"},{"@type":"ListItem","position":2,"name":"\u0130leti\u015fim"}]},{"@type":"WebSite","@id":"https:\/\/www.sirmatbaa.com\/#website","url":"https:\/\/www.sirmatbaa.com\/","name":"Sir Matbaa","description":"","publisher":{"@id":"https:\/\/www.sirmatbaa.com\/#organization"},"potentialAction":[{"@type":"SearchAction","target":{"@type":"EntryPoint","urlTemplate":"https:\/\/www.sirmatbaa.com\/?s={search_term_string}"},"query-input":{"@type":"PropertyValueSpecification","valueRequired":true,"valueName":"search_term_string"}}],"inLanguage":"tr"},{"@type":"Organization","@id":"https:\/\/www.sirmatbaa.com\/#organization","name":"Sir Matbaa","url":"https:\/\/www.sirmatbaa.com\/","logo":{"@type":"ImageObject","inLanguage":"tr","@id":"https:\/\/www.sirmatbaa.com\/#\/schema\/logo\/image\/","url":"https:\/\/www.sirmatbaa.com\/wp-content\/uploads\/2026\/03\/logo-2.png","contentUrl":"https:\/\/www.sirmatbaa.com\/wp-content\/uploads\/2026\/03\/logo-2.png","width":400,"height":433,"caption":"Sir Matbaa"},"image":{"@id":"https:\/\/www.sirmatbaa.com\/#\/schema\/logo\/image\/"},"sameAs":["https:\/\/www.facebook.com\/sirmatbaa","https:\/\/www.instagram.com\/sirambalaj\/"]}]}},"_links":{"self":[{"href":"https:\/\/www.sirmatbaa.com\/index.php\/wp-json\/wp\/v2\/pages\/1178","targetHints":{"allow":["GET"]}}],"collection":[{"href":"https:\/\/www.sirmatbaa.com\/index.php\/wp-json\/wp\/v2\/pages"}],"about":[{"href":"https:\/\/www.sirmatbaa.com\/index.php\/wp-json\/wp\/v2\/types\/page"}],"author":[{"embeddable":true,"href":"https:\/\/www.sirmatbaa.com\/index.php\/wp-json\/wp\/v2\/users\/1"}],"replies":[{"embeddable":true,"href":"https:\/\/www.sirmatbaa.com\/index.php\/wp-json\/wp\/v2\/comments?post=1178"}],"version-history":[{"count":35,"href":"https:\/\/www.sirmatbaa.com\/index.php\/wp-json\/wp\/v2\/pages\/1178\/revisions"}],"predecessor-version":[{"id":2371,"href":"https:\/\/www.sirmatbaa.com\/index.php\/wp-json\/wp\/v2\/pages\/1178\/revisions\/2371"}],"wp:attachment":[{"href":"https:\/\/www.sirmatbaa.com\/index.php\/wp-json\/wp\/v2\/media?parent=1178"}],"curies":[{"name":"wp","href":"https:\/\/api.w.org\/{rel}","templated":true}]}}